at is the units digit of o?
4
Let k be (20/6)/((-1820)/912 - -2). Suppose k = 13*s - 358. What is the units digit of s?
6
Let n be -2 + -2*30/4. Let z = -14 - n. Suppose y + z*x - 2 = 5, 0 = -4*y + x + 93. What is the units digit of y?
2
Let q = 2033 - -78. What is the tens digit of q?
1
Suppose -4*j + 3*l + 6 = -j, -2*l - 4 = j. Suppose 3*b + j*b - 12 = 0. Suppose 3*w = b*r + 144, w - 5*r - 32 = 27. What is the units digit of w?
4
Let k = 12 - -7. Let w(b) = -b + 2. Let c be w(0). Suppose -d + c*d + 2*g = k, 0 = 3*d - 4*g - 57. What is the units digit of d?
9
Let o(h) = 26*h**2 + h + 6. Let z be o(-3). Let l = -108 + z. What is the hundreds digit of l?
1
Suppose 179*u - 181*u = -2*p - 8940, -5*u - p + 22350 = 0. What is the tens digit of u?
7
Let k = -1338 - -2293. What is the units digit of k?
5
Suppose 3*w = -226 + 79. Let b = w - -178. What is the hundreds digit of b?
1
Let d(m) be the second derivative of -2*m**3/3 - 19*m**2/2 - 3*m. What is the units digit of d(-20)?
1
What is the units digit of -2685*6*10/(-90)?
0
Let c = 127 - 177. Suppose -6*n = 4*l - 4*n - 22, 0 = 5*l + 3*n - 30. What is the tens digit of l - c/(3 - 1)?
2
Let i be ((-15)/(-6) + 1)/((-5)/30). Let j = i - -67. What is the tens digit of j?
4
Let r(x) = -4*x + 6*x**2 - 2 + 3*x - 2*x - x. What is the tens digit of r(3)?
4
Let m = -162 + 100. Let r = -52 - m. What is the units digit of r?
0
Let u(p) = -5 + 9*p - 10 + 7*p**2 + 2 - 1. What is the tens digit of u(3)?
7
Let d = 12842 - 8739. What is the tens digit of d?
0
What is the hundreds digit of -14*-42*36/16?
3
Suppose 19*b - 357 = 2*b. What is the units digit of b/(-18)*-2*3?
7
Let w = 621 - -169. What is the units digit of w?
0
Suppose -4*k - 39 = 1. Let g(t) be the second derivative of -t**3 + t**2 - 299*t. What is the units digit of g(k)?
2
Let a be (1 - -45)/((-1)/(-3)). Let h = a - 78. What is the units digit of h?
0
Suppose -t - h + 35 = -6*t, -3*t + h - 21 = 0. Let i be 3/(-12) + t/4. What is the units digit of ((-7)/2)/(i/12)?
1
Let t = -45 + 141. Suppose i - t = -0*i. Suppose i = 3*d - 51. What is the units digit of d?
9
Let s be -36*(-1)/(-6)*-3. Suppose 12*k = s*k - 282. What is the units digit of k?
7
Let s be 4/1 + 0/(-2). Suppose -s - 2 = -3*d. Suppose -d*n + 2*z = -z - 79, 5*n = -2*z + 188. What is the units digit of n?
8
Let v = -150 - -339. Suppose 6*t = 3*t + v. What is the units digit of t?
3
Let r = -14 - -28. What is the hundreds digit of ((-404)/r)/(7/(-147)*3)?
2
Let i = 2 - -3. Suppose -4 = -i*p + 21. Suppose 3*q = p*g + 43, g = -0 + 4. What is the units digit of q?
1
Let a be ((-45)/18)/(2/72). Let n be 20/a + (-164)/(-9). What is the units digit of ((-60)/n)/(2/(-9))?
5
Let r be 1978 + (13 - 1)/(-3). What is the units digit of (-6)/(-33) - r/(-33)?
0
Suppose -2*u + 330 = -5*l, 8*u = 3*u + 3*l + 863. What is the units digit of u?
5
Let k(p) = p**2 + 4*p + 200. What is the hundreds digit of k(-17)?
4
Suppose -3*j - 6 + 36 = 0. Let k(s) = -s**3 + 10*s**2 - s + 12. Let q be k(j). Suppose c + q*f + 2*f = -9, 3*c + 4*f = 5. What is the units digit of c?
7
Let j(v) be the first derivative of 4*v**2 + 8*v + 22. What is the units digit of j(4)?
0
Let s(v) be the second derivative of v**4/12 + v**3/3 - 3*v**2 + v. What is the tens digit of s(-6)?
1
Suppose -20*g + 426 = -17*g. What is the units digit of g?
2
Let y(x) = -x**2 + 7*x + 18. Let s be y(8). What is the units digit of (-1866)/(-14) + s/(-105)*3?
3
Let d be (-3)/1*80/(-48). Suppose -3*l - 177 = d*k, 5*l + k + 236 = l. Let y = -18 - l. What is the units digit of y?
1
Let i be -2*-4*(-79)/(-2). What is the tens digit of 2/(8/i) + -3?
7
Suppose 5*l = 4 + 6. Suppose 255 = 3*t + l*t. What is the tens digit of t?
5
Suppose -y + 11 = -2*p + p, 49 = 4*y - 5*p. What is the tens digit of ((-80)/y)/((-1)/6)?
8
Let x be ((-80)/48)/(10/(-12)). Let c = x - -1. Suppose 46 = y - 3*m, -y - c*m = -0*y - 34. What is the tens digit of y?
4
Let d = 18 + -4. Suppose 0 = 18*n - d*n - 272. What is the units digit of n?
8
Let n = 31 + -29. Suppose -3*d = -3*r + 168, 0 = 4*r - 5*d + n*d - 229. What is the tens digit of r?
6
Let t(k) = -3*k**3 + 5*k**2 - 10*k - 5. Let f be t(5). Let b = -132 - f. What is the hundreds digit of b?
1
Let k = -277 + 597. What is the hundreds digit of k?
3
Let a be 6/(2*-1) + 19 + 212. Suppose -4*c + 484 = -a. What is the hundreds digit of c?
1
Suppose 34*x - 48093 = 17*x. What is the units digit of x?
9
Let f(x) = -x**3 + 19*x**2 - x - 12. Let q be f(17). Suppose 8*t + t = q. What is the units digit of t?
1
Suppose 364 = -5*x + 1864. Let i = x - 99. What is the hundreds digit of i?
2
Let k = 925 - 446. What is the hundreds digit of k?
4
Let q(b) = 16*b**3 + b**2 - 2*b + 1. Suppose -2*u - 3*w + 2 + 3 = 0, -u + 3*w = 2. Let j be q(u). What is the units digit of (-4)/20 + j/5?
3
Let r(t) = 10*t - 3. Let a(g) = 27*g - 7. Let z(m) = -134*m + 34. Let l(o) = 11*a(o) + 2*z(o). Let s(k) = 3*l(k) - 8*r(k). What is the tens digit of s(3)?
1
Suppose 13*y = 3*y + 80. Suppose 2*f + 5*r + 12 = 0, 2*f + y = 3*r - 7*r. What is the units digit of f?
4
Let k = 460 - -800. What is the tens digit of k?
6
Suppose 3549 = 381*z - 374*z. What is the tens digit of z?
0
Let q = -23 + 24. What is the hundreds digit of 3*(-412)/(-12) + q + -2?
1
Let h(i) = 2*i**3 + 7*i**2 - 4*i + 6. Let q be h(-4). Suppose -10*g + 464 = -q. What is the units digit of g?
7
Let v be ((-12)/9)/((-4)/60). Let u = v - -45. What is the tens digit of u?
6
Let x(k) = 3*k + 2. Let a be x(6). Let s be 98/14*4/7. Suppose -4 + a = s*l. What is the units digit of l?
4
Let o(w) = -w**2 + w - 9. Suppose 0 = -3*j + 7*j - 32. Let s be o(j). Let u = -21 - s. What is the tens digit of u?
4
Let y be -5 - (-5)/10*6. What is the units digit of 7/y*(32/(-14) + 2)?
1
Let b be 1*(2 + 2 + 24/3). Let f be -5*(-6)/15 + -2. Suppose 11*z - 9*z - b = f. What is the units digit of z?
6
Let y = -206 - -581. What is the tens digit of y?
7
Suppose 4*a + 2*f - 812 = 0, 0 = 4*f + 18 - 2. Suppose -a = -4*p + 371. What is the tens digit of p?
4
Suppose 2025 = -3*b + 6*b - 2*c, -4*b = -3*c - 2700. What is the tens digit of b?
7
Suppose 2*t - 760 = -6*t. Suppose -102*f + 1099 = -t*f. What is the hundreds digit of f?
1
Suppose -u - 2 = -2*u, -3*h - 2*u = -10. Suppose h*v = 3*o - o - 146, 5*v = 2*o - 158. Let a = o - 47. What is the tens digit of a?
2
Suppose -14*x - 2*x + 29968 = 0. What is the units digit of x?
3
Suppose -6 = b + 4*u - 14, -6 = -5*b - 3*u. Suppose -j - 4*l + 227 = b, -3*l - l = -20. What is the hundreds digit of j?
2
Let w = -8 - 7. What is the units digit of w/3 + 75 + -4?
6
Let x = -379 - -576. What is the units digit of x?
7
Let x be 2 + -5 - (7 + 5). Let a = x + 17. What is the units digit of a?
2
Let n be (125/10)/((-3)/(-6)). Let g = 6 + n. What is the units digit of g?
1
Let n be 4/2*((-114)/(-12) - -2). What is the tens digit of 15/6*(n - -5)?
7
Suppose 3*t = 3*k, -2*t = -3*t + 5*k - 16. Let r be -1 - ((-2)/(-2) + -5). Suppose -r*i + 53 = 3*c - t, -5*c + 2*i + 116 = 0. What is the tens digit of c?
2
Let i be 8*15/(-24)*-2. Suppose i*v - 169 = 9*v. What is the tens digit of v?
6
Let m(n) = 122*n**2 + 8*n - 5. What is the hundreds digit of m(5)?
0
Let u(n) = -n - 9. Let p be u(-11). Suppose 2*j - s - 3*s - 212 = 0, 0 = -4*j + p*s + 430. What is the units digit of j?
8
Let u = -5 + 10. Let x = 8 - u. What is the tens digit of 3*x/(27/96)?
3
Suppose -1627 = 14*f - 4*r - 31737, 5*r = -3*f + 6458. What is the units digit of f?
1
Let z be 11/(11/6)*-1. Let m(t) = -34*t - 45. What is the units digit of m(z)?
9
Let u = 199 - 108. Let s = 180 - u. What is the units digit of s?
9
Let h be 3/(-2)*(-8)/(-6). Let z be (3 - 1*-34) + h. Suppose 0 = o - 3*i - i - z, 0 = 4*o - 5*i - 107. What is the tens digit of o?
2
Let l be (-1111)/11 - -1*3. What is the tens digit of (-3)/7 - 6510/l?
6
Suppose 0*w = 2*w. Suppose 4*v - 27 = -3*j, 2*j + 0*j + 4*v - 18 = w. Suppose -3*z = -i - j, -5*i = -3*z - 2*z - 5. What is the units digit of i?
6
Let p be (54 - (-2 - -4)) + (-3)/(-1). Suppose -3*d - 2*h + 120 = -p, -h = 5*d - 301. What is the tens digit of d?
6
Let p = -45 + 540. What is the units digit of p?
5
Suppose 1601 = 4*x - 2967. What is the thousands digit of x?
1
Suppose -2*b + 3*x - 39 = 0, -b + 10*x = 5*x + 37. Let